{"id":2049,"date":"2024-07-22T10:04:04","date_gmt":"2024-07-22T08:04:04","guid":{"rendered":"http:\/\/prowincjawarszawska.pl\/?page_id=2049"},"modified":"2024-09-06T11:59:25","modified_gmt":"2024-09-06T09:59:25","slug":"dofinansowanie-z-funduszu-koscielnego","status":"publish","type":"page","link":"https:\/\/prowincjawarszawska.pl\/index.php\/dofinansowanie-z-funduszu-koscielnego\/","title":{"rendered":"Dofinansowanie z Funduszu Ko\u015bcielnego"},"content":{"rendered":"<p>W dniach 11-21 lipca 2024r., nad morzem w Bia\u0142og\u00f3rze, wypoczywa prawie 90 dzieci, W\u015br\u00f3d nich jest 45 dzieci z rodzin ubogich i wielodzietnych, kt\u00f3re mog\u0142y uczestniczy\u0107 w koloniach zorganizowanych przez Zgromadzenie Si\u00f3str Franciszkanek Rodziny Maryi\u00a0dzi\u0119ki\u00a0dofinansowaniu z Funduszu Ko\u015bcielnego.<\/p>\n<p><img loading=\"lazy\" decoding=\"async\" class=\"alignnone wp-image-2076 size-full\" src=\"http:\/\/prowincjawarszawska.pl\/wp-content\/uploads\/2024\/09\/Kolonie_dla_dzieci_z_rodzin_ubogich.jpg\" alt=\"Plakat informacyjny Dofinansowano ze \u015brodk\u00f3w Bud\u017cetu Pa\u0144stwa\" width=\"633\" height=\"895\" srcset=\"https:\/\/prowincjawarszawska.pl\/wp-content\/uploads\/2024\/09\/Kolonie_dla_dzieci_z_rodzin_ubogich.jpg 633w, https:\/\/prowincjawarszawska.pl\/wp-content\/uploads\/2024\/09\/Kolonie_dla_dzieci_z_rodzin_ubogich-212x300.jpg 212w, https:\/\/prowincjawarszawska.pl\/wp-content\/uploads\/2024\/09\/Kolonie_dla_dzieci_z_rodzin_ubogich-600x848.jpg 600w\" sizes=\"auto, (max-width: 633px) 100vw, 633px\" \/><\/p>\n","protected":false},"excerpt":{"rendered":"<p>W dniach 11-21 lipca 2024r., nad morzem w Bia\u0142og\u00f3rze, wypoczywa prawie 90 dzieci, W\u015br\u00f3d nich jest 45 dzieci z rodzin ubogich i wielodzietnych, kt\u00f3re mog\u0142y uczestniczy\u0107 w koloniach zorganizowanych przez Zgromadzenie Si\u00f3str Franciszkanek Rodziny Maryi\u00a0dzi\u0119ki\u00a0dofinansowaniu z Funduszu Ko\u015bcielnego.<\/p>\n","protected":false},"author":1,"featured_media":0,"parent":0,"menu_order":0,"comment_status":"closed","ping_status":"closed","template":"","meta":{"footnotes":""},"class_list":["post-2049","page","type-page","status-publish","hentry"],"yoast_head":"<!-- This site is optimized with the Yoast SEO plugin v24.5 - https:\/\/yoast.com\/wordpress\/plugins\/seo\/ -->\n<title>Dofinansowanie z Funduszu Ko\u015bcielnego - Zgromadzenie Si\u00f3str Franciszkanek Rodziny Maryi<\/title>\n<meta name=\"robots\" content=\"index, follow, max-snippet:-1, max-image-preview:large, max-video-preview:-1\" \/>\n<link rel=\"canonical\" href=\"https:\/\/prowincjawarszawska.pl\/index.php\/dofinansowanie-z-funduszu-koscielnego\/\" \/>\n<meta property=\"og:locale\" content=\"pl_PL\" \/>\n<meta property=\"og:type\" content=\"article\" \/>\n<meta property=\"og:title\" content=\"Dofinansowanie z Funduszu Ko\u015bcielnego - Zgromadzenie Si\u00f3str Franciszkanek Rodziny Maryi\" \/>\n<meta property=\"og:description\" content=\"W dniach 11-21 lipca 2024r., nad morzem w Bia\u0142og\u00f3rze, wypoczywa prawie 90 dzieci, W\u015br\u00f3d nich jest 45 dzieci z rodzin ubogich i wielodzietnych, kt\u00f3re mog\u0142y uczestniczy\u0107 w koloniach zorganizowanych przez Zgromadzenie Si\u00f3str Franciszkanek Rodziny Maryi\u00a0dzi\u0119ki\u00a0dofinansowaniu z Funduszu Ko\u015bcielnego.\" \/>\n<meta property=\"og:url\" content=\"https:\/\/prowincjawarszawska.pl\/index.php\/dofinansowanie-z-funduszu-koscielnego\/\" \/>\n<meta property=\"og:site_name\" content=\"Zgromadzenie Si\u00f3str Franciszkanek Rodziny Maryi\" \/>\n<meta property=\"article:modified_time\" content=\"2024-09-06T09:59:25+00:00\" \/>\n<meta property=\"og:image\" content=\"http:\/\/prowincjawarszawska.pl\/wp-content\/uploads\/2024\/09\/Kolonie_dla_dzieci_z_rodzin_ubogich.jpg\" \/>\n<meta name=\"twitter:card\" content=\"summary_large_image\" \/>\n<script type=\"application\/ld+json\" class=\"yoast-schema-graph\">{\"@context\":\"https:\/\/schema.org\",\"@graph\":[{\"@type\":\"WebPage\",\"@id\":\"https:\/\/prowincjawarszawska.pl\/index.php\/dofinansowanie-z-funduszu-koscielnego\/\",\"url\":\"https:\/\/prowincjawarszawska.pl\/index.php\/dofinansowanie-z-funduszu-koscielnego\/\",\"name\":\"Dofinansowanie z Funduszu Ko\u015bcielnego - Zgromadzenie Si\u00f3str Franciszkanek Rodziny Maryi\",\"isPartOf\":{\"@id\":\"https:\/\/prowincjawarszawska.pl\/#website\"},\"primaryImageOfPage\":{\"@id\":\"https:\/\/prowincjawarszawska.pl\/index.php\/dofinansowanie-z-funduszu-koscielnego\/#primaryimage\"},\"image\":{\"@id\":\"https:\/\/prowincjawarszawska.pl\/index.php\/dofinansowanie-z-funduszu-koscielnego\/#primaryimage\"},\"thumbnailUrl\":\"http:\/\/prowincjawarszawska.pl\/wp-content\/uploads\/2024\/09\/Kolonie_dla_dzieci_z_rodzin_ubogich.jpg\",\"datePublished\":\"2024-07-22T08:04:04+00:00\",\"dateModified\":\"2024-09-06T09:59:25+00:00\",\"breadcrumb\":{\"@id\":\"https:\/\/prowincjawarszawska.pl\/index.php\/dofinansowanie-z-funduszu-koscielnego\/#breadcrumb\"},\"inLanguage\":\"pl-PL\",\"potentialAction\":[{\"@type\":\"ReadAction\",\"target\":[\"https:\/\/prowincjawarszawska.pl\/index.php\/dofinansowanie-z-funduszu-koscielnego\/\"]}]},{\"@type\":\"ImageObject\",\"inLanguage\":\"pl-PL\",\"@id\":\"https:\/\/prowincjawarszawska.pl\/index.php\/dofinansowanie-z-funduszu-koscielnego\/#primaryimage\",\"url\":\"http:\/\/prowincjawarszawska.pl\/wp-content\/uploads\/2024\/09\/Kolonie_dla_dzieci_z_rodzin_ubogich.jpg\",\"contentUrl\":\"http:\/\/prowincjawarszawska.pl\/wp-content\/uploads\/2024\/09\/Kolonie_dla_dzieci_z_rodzin_ubogich.jpg\"},{\"@type\":\"BreadcrumbList\",\"@id\":\"https:\/\/prowincjawarszawska.pl\/index.php\/dofinansowanie-z-funduszu-koscielnego\/#breadcrumb\",\"itemListElement\":[{\"@type\":\"ListItem\",\"position\":1,\"name\":\"Strona g\u0142\u00f3wna\",\"item\":\"https:\/\/prowincjawarszawska.pl\/\"},{\"@type\":\"ListItem\",\"position\":2,\"name\":\"Dofinansowanie z Funduszu Ko\u015bcielnego\"}]},{\"@type\":\"WebSite\",\"@id\":\"https:\/\/prowincjawarszawska.pl\/#website\",\"url\":\"https:\/\/prowincjawarszawska.pl\/\",\"name\":\"Zgromadzenie Si\u00f3str Franciszkanek Rodziny Maryi\",\"description\":\"Prowincja Warszawska\",\"publisher\":{\"@id\":\"https:\/\/prowincjawarszawska.pl\/#organization\"},\"potentialAction\":[{\"@type\":\"SearchAction\",\"target\":{\"@type\":\"EntryPoint\",\"urlTemplate\":\"https:\/\/prowincjawarszawska.pl\/?s={search_term_string}\"},\"query-input\":{\"@type\":\"PropertyValueSpecification\",\"valueRequired\":true,\"valueName\":\"search_term_string\"}}],\"inLanguage\":\"pl-PL\"},{\"@type\":\"Organization\",\"@id\":\"https:\/\/prowincjawarszawska.pl\/#organization\",\"name\":\"Zgromadzenie Si\u00f3str Franciszkanek Rodziny Maryi\",\"url\":\"https:\/\/prowincjawarszawska.pl\/\",\"logo\":{\"@type\":\"ImageObject\",\"inLanguage\":\"pl-PL\",\"@id\":\"https:\/\/prowincjawarszawska.pl\/#\/schema\/logo\/image\/\",\"url\":\"https:\/\/prowincjawarszawska.pl\/wp-content\/uploads\/2022\/06\/cropped-LogoSRM.jpg\",\"contentUrl\":\"https:\/\/prowincjawarszawska.pl\/wp-content\/uploads\/2022\/06\/cropped-LogoSRM.jpg\",\"width\":91,\"height\":91,\"caption\":\"Zgromadzenie Si\u00f3str Franciszkanek Rodziny Maryi\"},\"image\":{\"@id\":\"https:\/\/prowincjawarszawska.pl\/#\/schema\/logo\/image\/\"}}]}<\/script>\n<!-- \/ Yoast SEO plugin. -->","yoast_head_json":{"title":"Dofinansowanie z Funduszu Ko\u015bcielnego - Zgromadzenie Si\u00f3str Franciszkanek Rodziny Maryi","robots":{"index":"index","follow":"follow","max-snippet":"max-snippet:-1","max-image-preview":"max-image-preview:large","max-video-preview":"max-video-preview:-1"},"canonical":"https:\/\/prowincjawarszawska.pl\/index.php\/dofinansowanie-z-funduszu-koscielnego\/","og_locale":"pl_PL","og_type":"article","og_title":"Dofinansowanie z Funduszu Ko\u015bcielnego - Zgromadzenie Si\u00f3str Franciszkanek Rodziny Maryi","og_description":"W dniach 11-21 lipca 2024r., nad morzem w Bia\u0142og\u00f3rze, wypoczywa prawie 90 dzieci, W\u015br\u00f3d nich jest 45 dzieci z rodzin ubogich i wielodzietnych, kt\u00f3re mog\u0142y uczestniczy\u0107 w koloniach zorganizowanych przez Zgromadzenie Si\u00f3str Franciszkanek Rodziny Maryi\u00a0dzi\u0119ki\u00a0dofinansowaniu z Funduszu Ko\u015bcielnego.","og_url":"https:\/\/prowincjawarszawska.pl\/index.php\/dofinansowanie-z-funduszu-koscielnego\/","og_site_name":"Zgromadzenie Si\u00f3str Franciszkanek Rodziny Maryi","article_modified_time":"2024-09-06T09:59:25+00:00","og_image":[{"url":"http:\/\/prowincjawarszawska.pl\/wp-content\/uploads\/2024\/09\/Kolonie_dla_dzieci_z_rodzin_ubogich.jpg","type":"","width":"","height":""}],"twitter_card":"summary_large_image","schema":{"@context":"https:\/\/schema.org","@graph":[{"@type":"WebPage","@id":"https:\/\/prowincjawarszawska.pl\/index.php\/dofinansowanie-z-funduszu-koscielnego\/","url":"https:\/\/prowincjawarszawska.pl\/index.php\/dofinansowanie-z-funduszu-koscielnego\/","name":"Dofinansowanie z Funduszu Ko\u015bcielnego - Zgromadzenie Si\u00f3str Franciszkanek Rodziny Maryi","isPartOf":{"@id":"https:\/\/prowincjawarszawska.pl\/#website"},"primaryImageOfPage":{"@id":"https:\/\/prowincjawarszawska.pl\/index.php\/dofinansowanie-z-funduszu-koscielnego\/#primaryimage"},"image":{"@id":"https:\/\/prowincjawarszawska.pl\/index.php\/dofinansowanie-z-funduszu-koscielnego\/#primaryimage"},"thumbnailUrl":"http:\/\/prowincjawarszawska.pl\/wp-content\/uploads\/2024\/09\/Kolonie_dla_dzieci_z_rodzin_ubogich.jpg","datePublished":"2024-07-22T08:04:04+00:00","dateModified":"2024-09-06T09:59:25+00:00","breadcrumb":{"@id":"https:\/\/prowincjawarszawska.pl\/index.php\/dofinansowanie-z-funduszu-koscielnego\/#breadcrumb"},"inLanguage":"pl-PL","potentialAction":[{"@type":"ReadAction","target":["https:\/\/prowincjawarszawska.pl\/index.php\/dofinansowanie-z-funduszu-koscielnego\/"]}]},{"@type":"ImageObject","inLanguage":"pl-PL","@id":"https:\/\/prowincjawarszawska.pl\/index.php\/dofinansowanie-z-funduszu-koscielnego\/#primaryimage","url":"http:\/\/prowincjawarszawska.pl\/wp-content\/uploads\/2024\/09\/Kolonie_dla_dzieci_z_rodzin_ubogich.jpg","contentUrl":"http:\/\/prowincjawarszawska.pl\/wp-content\/uploads\/2024\/09\/Kolonie_dla_dzieci_z_rodzin_ubogich.jpg"},{"@type":"BreadcrumbList","@id":"https:\/\/prowincjawarszawska.pl\/index.php\/dofinansowanie-z-funduszu-koscielnego\/#breadcrumb","itemListElement":[{"@type":"ListItem","position":1,"name":"Strona g\u0142\u00f3wna","item":"https:\/\/prowincjawarszawska.pl\/"},{"@type":"ListItem","position":2,"name":"Dofinansowanie z Funduszu Ko\u015bcielnego"}]},{"@type":"WebSite","@id":"https:\/\/prowincjawarszawska.pl\/#website","url":"https:\/\/prowincjawarszawska.pl\/","name":"Zgromadzenie Si\u00f3str Franciszkanek Rodziny Maryi","description":"Prowincja Warszawska","publisher":{"@id":"https:\/\/prowincjawarszawska.pl\/#organization"},"potentialAction":[{"@type":"SearchAction","target":{"@type":"EntryPoint","urlTemplate":"https:\/\/prowincjawarszawska.pl\/?s={search_term_string}"},"query-input":{"@type":"PropertyValueSpecification","valueRequired":true,"valueName":"search_term_string"}}],"inLanguage":"pl-PL"},{"@type":"Organization","@id":"https:\/\/prowincjawarszawska.pl\/#organization","name":"Zgromadzenie Si\u00f3str Franciszkanek Rodziny Maryi","url":"https:\/\/prowincjawarszawska.pl\/","logo":{"@type":"ImageObject","inLanguage":"pl-PL","@id":"https:\/\/prowincjawarszawska.pl\/#\/schema\/logo\/image\/","url":"https:\/\/prowincjawarszawska.pl\/wp-content\/uploads\/2022\/06\/cropped-LogoSRM.jpg","contentUrl":"https:\/\/prowincjawarszawska.pl\/wp-content\/uploads\/2022\/06\/cropped-LogoSRM.jpg","width":91,"height":91,"caption":"Zgromadzenie Si\u00f3str Franciszkanek Rodziny Maryi"},"image":{"@id":"https:\/\/prowincjawarszawska.pl\/#\/schema\/logo\/image\/"}}]}},"jetpack_sharing_enabled":true,"_links":{"self":[{"href":"https:\/\/prowincjawarszawska.pl\/index.php\/wp-json\/wp\/v2\/pages\/2049","targetHints":{"allow":["GET"]}}],"collection":[{"href":"https:\/\/prowincjawarszawska.pl\/index.php\/wp-json\/wp\/v2\/pages"}],"about":[{"href":"https:\/\/prowincjawarszawska.pl\/index.php\/wp-json\/wp\/v2\/types\/page"}],"author":[{"embeddable":true,"href":"https:\/\/prowincjawarszawska.pl\/index.php\/wp-json\/wp\/v2\/users\/1"}],"replies":[{"embeddable":true,"href":"https:\/\/prowincjawarszawska.pl\/index.php\/wp-json\/wp\/v2\/comments?post=2049"}],"version-history":[{"count":5,"href":"https:\/\/prowincjawarszawska.pl\/index.php\/wp-json\/wp\/v2\/pages\/2049\/revisions"}],"predecessor-version":[{"id":2082,"href":"https:\/\/prowincjawarszawska.pl\/index.php\/wp-json\/wp\/v2\/pages\/2049\/revisions\/2082"}],"wp:attachment":[{"href":"https:\/\/prowincjawarszawska.pl\/index.php\/wp-json\/wp\/v2\/media?parent=2049"}],"curies":[{"name":"wp","href":"https:\/\/api.w.org\/{rel}","templated":true}]}}

Dofinansowanie z Funduszu Kościelnego

<p>W dniach 11-21 lipca 2024r., nad morzem w Białogórze, wypoczywa prawie 90 dzieci, Wśród nich jest 45 dzieci z rodzin ubogich i wielodzietnych, które mogły uczestniczyć w koloniach zorganizowanych przez Zgromadzenie Sióstr Franciszkanek Rodziny Maryi dzięki dofinansowaniu z Funduszu Kościelnego.</p>
<p><img loading="lazy" decoding="async" class="alignnone wp-image-2076 size-full" src="http://prowincjawarszawska.pl/wp-content/uploads/2024/09/Kolonie_dla_dzieci_z_rodzin_ubogich.jpg" alt="Plakat informacyjny Dofinansowano ze środków Budżetu Państwa" width="633" height="895" srcset="https://prowincjawarszawska.pl/wp-content/uploads/2024/09/Kolonie_dla_dzieci_z_rodzin_ubogich.jpg 633w, https://prowincjawarszawska.pl/wp-content/uploads/2024/09/Kolonie_dla_dzieci_z_rodzin_ubogich-212x300.jpg 212w, https://prowincjawarszawska.pl/wp-content/uploads/2024/09/Kolonie_dla_dzieci_z_rodzin_ubogich-600x848.jpg 600w" sizes="auto, (max-width: 633px) 100vw, 633px" /></p>

<p>W dniach 11-21 lipca 2024r., nad morzem w Białogórze, wypoczywa prawie 90 dzieci, Wśród nich jest 45 dzieci z rodzin ubogich i wielodzietnych, które mogły uczestniczyć w koloniach zorganizowanych przez Zgromadzenie Sióstr Franciszkanek Rodziny Maryi dzięki dofinansowaniu z Funduszu Kościelnego.</p>

<!-- This site is optimized with the Yoast SEO plugin v24.5 - https://yoast.com/wordpress/plugins/seo/ -->
<title>Dofinansowanie z Funduszu Kościelnego - Zgromadzenie Sióstr Franciszkanek Rodziny Maryi</title>
<meta name="robots" content="index, follow, max-snippet:-1, max-image-preview:large, max-video-preview:-1" />
<link rel="canonical" href="https://prowincjawarszawska.pl/index.php/dofinansowanie-z-funduszu-koscielnego/" />
<meta property="og:locale" content="pl_PL" />
<meta property="og:type" content="article" />
<meta property="og:title" content="Dofinansowanie z Funduszu Kościelnego - Zgromadzenie Sióstr Franciszkanek Rodziny Maryi" />
<meta property="og:description" content="W dniach 11-21 lipca 2024r., nad morzem w Białogórze, wypoczywa prawie 90 dzieci, Wśród nich jest 45 dzieci z rodzin ubogich i wielodzietnych, które mogły uczestniczyć w koloniach zorganizowanych przez Zgromadzenie Sióstr Franciszkanek Rodziny Maryi dzięki dofinansowaniu z Funduszu Kościelnego." />
<meta property="og:url" content="https://prowincjawarszawska.pl/index.php/dofinansowanie-z-funduszu-koscielnego/" />
<meta property="og:site_name" content="Zgromadzenie Sióstr Franciszkanek Rodziny Maryi" />
<meta property="article:modified_time" content="2024-09-06T09:59:25+00:00" />
<meta property="og:image" content="http://prowincjawarszawska.pl/wp-content/uploads/2024/09/Kolonie_dla_dzieci_z_rodzin_ubogich.jpg" />
<meta name="twitter:card" content="summary_large_image" />
<script type="application/ld+json" class="yoast-schema-graph">{"@context":"https://schema.org","@graph":[{"@type":"WebPage","@id":"https://prowincjawarszawska.pl/index.php/dofinansowanie-z-funduszu-koscielnego/","url":"https://prowincjawarszawska.pl/index.php/dofinansowanie-z-funduszu-koscielnego/","name":"Dofinansowanie z Funduszu Kościelnego - Zgromadzenie Sióstr Franciszkanek Rodziny Maryi","isPartOf":{"@id":"https://prowincjawarszawska.pl/#website"},"primaryImageOfPage":{"@id":"https://prowincjawarszawska.pl/index.php/dofinansowanie-z-funduszu-koscielnego/#primaryimage"},"image":{"@id":"https://prowincjawarszawska.pl/index.php/dofinansowanie-z-funduszu-koscielnego/#primaryimage"},"thumbnailUrl":"http://prowincjawarszawska.pl/wp-content/uploads/2024/09/Kolonie_dla_dzieci_z_rodzin_ubogich.jpg","datePublished":"2024-07-22T08:04:04+00:00","dateModified":"2024-09-06T09:59:25+00:00","breadcrumb":{"@id":"https://prowincjawarszawska.pl/index.php/dofinansowanie-z-funduszu-koscielnego/#breadcrumb"},"inLanguage":"pl-PL","potentialAction":[{"@type":"ReadAction","target":["https://prowincjawarszawska.pl/index.php/dofinansowanie-z-funduszu-koscielnego/"]}]},{"@type":"ImageObject","inLanguage":"pl-PL","@id":"https://prowincjawarszawska.pl/index.php/dofinansowanie-z-funduszu-koscielnego/#primaryimage","url":"http://prowincjawarszawska.pl/wp-content/uploads/2024/09/Kolonie_dla_dzieci_z_rodzin_ubogich.jpg","contentUrl":"http://prowincjawarszawska.pl/wp-content/uploads/2024/09/Kolonie_dla_dzieci_z_rodzin_ubogich.jpg"},{"@type":"BreadcrumbList","@id":"https://prowincjawarszawska.pl/index.php/dofinansowanie-z-funduszu-koscielnego/#breadcrumb","itemListElement":[{"@type":"ListItem","position":1,"name":"Strona główna","item":"https://prowincjawarszawska.pl/"},{"@type":"ListItem","position":2,"name":"Dofinansowanie z Funduszu Kościelnego"}]},{"@type":"WebSite","@id":"https://prowincjawarszawska.pl/#website","url":"https://prowincjawarszawska.pl/","name":"Zgromadzenie Sióstr Franciszkanek Rodziny Maryi","description":"Prowincja Warszawska","publisher":{"@id":"https://prowincjawarszawska.pl/#organization"},"potentialAction":[{"@type":"SearchAction","target":{"@type":"EntryPoint","urlTemplate":"https://prowincjawarszawska.pl/?s={search_term_string}"},"query-input":{"@type":"PropertyValueSpecification","valueRequired":true,"valueName":"search_term_string"}}],"inLanguage":"pl-PL"},{"@type":"Organization","@id":"https://prowincjawarszawska.pl/#organization","name":"Zgromadzenie Sióstr Franciszkanek Rodziny Maryi","url":"https://prowincjawarszawska.pl/","logo":{"@type":"ImageObject","inLanguage":"pl-PL","@id":"https://prowincjawarszawska.pl/#/schema/logo/image/","url":"https://prowincjawarszawska.pl/wp-content/uploads/2022/06/cropped-LogoSRM.jpg","contentUrl":"https://prowincjawarszawska.pl/wp-content/uploads/2022/06/cropped-LogoSRM.jpg","width":91,"height":91,"caption":"Zgromadzenie Sióstr Franciszkanek Rodziny Maryi"},"image":{"@id":"https://prowincjawarszawska.pl/#/schema/logo/image/"}}]}</script>
<!-- / Yoast SEO plugin. -->

Dofinansowanie z Funduszu Kościelnego - Zgromadzenie Sióstr Franciszkanek Rodziny Maryi

W dniach 11-21 lipca 2024r., nad morzem w Białogórze, wypoczywa prawie 90 dzieci, Wśród nich jest 45 dzieci z rodzin ubogich i wielodzietnych, które mogły uczestniczyć w koloniach zorganizowanych przez Zgromadzenie Sióstr Franciszkanek Rodziny Maryi dzięki dofinansowaniu z Funduszu Kościelnego.

Zgromadzenie Sióstr Franciszkanek Rodziny Maryi

Strona główna
